e the highest common factor of 409299 and 1185.
237
Calculate the highest common divisor of 13284475 and 297130.
3455
What is the highest common divisor of 6118091 and 686?
343
What is the highest common divisor of 14074 and 426126?
62
What is the highest common divisor of 17358 and 83193?
33
Calculate the greatest common factor of 31 and 882159188.
31
What is the highest common divisor of 19854101 and 1761?
587
Calculate the highest common divisor of 1257908 and 282.
94
What is the highest common divisor of 48 and 10967600?
16
Calculate the greatest common factor of 20873840 and 10530.
130
Calculate the highest common divisor of 128194 and 31482.
22
Calculate the highest common factor of 1059031 and 1448.
181
What is the highest common factor of 448 and 1668058?
14
Calculate the highest common factor of 4 and 129536480.
4
Calculate the greatest common divisor of 6720219 and 44.
11
What is the highest common divisor of 43071 and 6125?
49
What is the greatest common divisor of 60865 and 746438?
259
What is the greatest common divisor of 1416 and 34655892?
708
Calculate the highest common factor of 120 and 8454660.
60
Calculate the highest common divisor of 128784 and 16656.
48
What is the greatest common factor of 3 and 2051457?
3
Calculate the highest common factor of 10107 and 741.
3
What is the greatest common divisor of 4440 and 622140?
60
What is the highest common factor of 15021279 and 455?
91
Calculate the highest common divisor of 2454 and 37665219.
1227
Calculate the highest common factor of 34119 and 99637515.
2007
Calculate the highest common divisor of 64943487 and 4473.
4473
Calculate the greatest common factor of 52 and 38487579.
13
Calculate the greatest common divisor of 10600 and 3115300.
100
Calculate the highest common factor of 3743034 and 144.
6
Calculate the greatest common divisor of 986 and 9288613.
493
What is the greatest common divisor of 21225478 and 2?
2
What is the greatest common factor of 86855 and 215041?
599
Calculate the highest common factor of 2450869 and 10081.
593
What is the greatest common factor of 31752911 and 8473?
229
Calculate the greatest common factor of 108487 and 28331.
691
What is the highest common factor of 32 and 66804656?
16
Calculate the highest common factor of 32 and 195739744.
32
Calculate the greatest common divisor of 64 and 125018728.
8
Calculate the highest common factor of 612437 and 336.
7
What is the highest common factor of 1586 and 10936614?
26
What is the highest common divisor of 46702 and 72321734?
2458
What is the highest common factor of 1097148 and 4524?
156
Calculate the greatest common factor of 15795 and 779571.
351
What is the highest common factor of 46150 and 4847596?
1846
What is the greatest common divisor of 1275 and 1504075?
425
Calculate the greatest common factor of 4142574 and 36.
18
What is the highest common divisor of 4996839 and 1545?
309
What is the greatest common divisor of 26403058 and 649?
11
What is the highest common factor of 64449 and 1205435?
2387
What is the highest common factor of 3667 and 27674849?
3667
Calculate the highest common factor of 6615 and 316940085.
2205
Calculate the highest common factor of 5741334 and 2.
2
Calculate the greatest common factor of 143510 and 1172210.
1270
What is the highest common divisor of 18240 and 569760?
480
Calculate the greatest common factor of 98 and 746922337.
49
What is the greatest common divisor of 28215 and 1064475?
2565
Calculate the greatest common divisor of 8596725 and 150.
75
What is the greatest common divisor of 15894 and 14739036?
5298
Calculate the highest common factor of 324744 and 9665.
1933
What is the greatest common factor of 157305241 and 333?
37
What is the greatest common divisor of 29111 and 113?
1
What is the highest common factor of 5963 and 737?
67
Calculate the greatest common divisor of 71213 and 84793738.
4189
What is the greatest common divisor of 182899772 and 506?
506
Calculate the highest common divisor of 3994 and 8089847.
1997
What is the greatest common divisor of 2016 and 1476342?
126
What is the greatest common divisor of 6035122 and 6924113?
12521
Calculate the highest common divisor of 534327668 and 42.
14
Calculate the greatest common divisor of 158555168 and 208.
16
What is the greatest common factor of 11439315 and 270?
45
What is the highest common divisor of 1107 and 6387363?
27
Calculate the greatest common factor of 18658487 and 958.
479
Calculate the highest common factor of 561 and 2172089337.
561
Calculate the greatest common factor of 1928037 and 1090659.
5169
What is the greatest common factor of 67317 and 26163?
57
What is the highest common factor of 445 and 82265?
5
Calculate the greatest common factor of 110696 and 27112.
8
What is the highest common divisor of 150 and 315423250?
50
What is the greatest common divisor of 144883711 and 7441?
7441
What is the greatest common divisor of 57669 and 3231297?
141
Calculate the greatest common factor of 11235 and 398328.
21
What is the greatest common divisor of 18259 and 2062507?
19
Calculate the greatest common factor of 104 and 20926100.
52
Calculate the greatest common divisor of 142 and 181745871.
71
Calculate the greatest common divisor of 6286984 and 22.
22
Calculate the greatest common factor of 14 and 2032422.
14
What is the highest common divisor of 20544 and 34248?
24
What is the highest common divisor of 269211 and 43263?
57
What is the greatest common divisor of 327483 and 146481?
933
What is the greatest common factor of 38677938 and 10179?
1131
What is the highest common divisor of 32145945 and 15?
15
Calculate the greatest common factor of 2501516 and 5678.
34
What is the highest common factor of 25019306 and 26?
26
What is the greatest common divisor of 52136 and 42940856?
2744
What is the highest common factor of 695376 and 27500?
44
Calculate the greatest common divisor of 36491532 and 4158.
462
What is the highest common factor of 30 and 18629780?
10
Calculate the highest common factor of 33275 and 64326625.
3025
Calculate the greatest common divisor of 79059879 and 9.
9
Calculate the highest common factor of 35982212 and 15152.
3788
Calculate the highest common factor of 4032 and 25909002.
126
What is the highest common factor of 344256 and 3695536?
2608
What is the greatest common factor of 3 and 1009864?
1
Calculate the greatest common factor of 24583707 and 7839.
603
What is the highest common factor of 997275 and 900?
75
Calculate the highest common factor of 1661 and 4928.
11
What is the highest common divisor of 50535860 and 565?
565
Calculate the highest common divisor of 2532566943 and 171.
171
Calculate the greatest common divisor of 14054161 and 44.
11
What is the highest common divisor of 312 and 8813571?
39
Calculate the greatest common factor of 42466 and 2754.
34
What is the highest common divisor of 94985 and 27115?
55
Calculate the highest common factor of 240296 and 95144.
56
Calculate the greatest common factor of 52 and 177791562.
26
What is the greatest common factor of 333473 and 7?
7
Calculate the highest common divisor of 1694850 and 3522.
6
Calculate the greatest common divisor of 1820808 and 16214.
242
Calculate the highest common factor of 23 and 223938074.
23
What is the highest common divisor of 10840 and 38570888?
2168
Calculate the greatest common factor of 73341 and 1104291.
261
What is the greatest common divisor of 268863 and 27841038?
5487
What is the greatest common divisor of 4769 and 95152?
19
Calculate the greatest common divisor of 11 and 5840417.
11
Calculate the highest common divisor of 8091 and 10972791.
279
Calculate the greatest common factor of 15593 and 33081304.
503
What is the highest common factor of 207 and 486711441?
207
Calculate the greatest common divisor of 4587 and 1576399.
1529
Calculate the highest common divisor of 5859900 and 5580.
180
Calculate the highest common divisor of 38 and 9982467.
19
Calculate the highest common factor of 29169009 and 114.
57
What is the greatest common factor of 2778 and 172551303?
1389
Calculate the greatest common factor of 363 and 5584623.
33
What is the greatest common factor of 36072 and 312?
24
What is the highest common divisor of 580180508 and 241?
241
What is the greatest common di